*w = -55, 4*u - 67 = 2*w - 17. Suppose -14*d + 17*d = u. What is the greatest common factor of d and 1?
1
Let t be (-38)/(-6) + (-1)/3. Suppose c + 12 = 3*c. Let m = c - -6. Calculate the greatest common divisor of m and t.
6
Suppose 3*o + 14 = 4*o - 4*t, t = 1. What is the greatest common divisor of o and 18?
18
Suppose 0 + 150 = 5*p. Let j be (8/(-5) + 0)/(4/(-50)). Calculate the greatest common factor of p and j.
10
Suppose 0*q + 36 = 2*q. Suppose -72 = -0*w - 2*w. What is the highest common factor of q and w?
18
Let h be (-1 + 2)*(7 + -5). What is the highest common factor of 2 and h?
2
Suppose 0 = 2*d - 303 + 65. What is the greatest common factor of d and 17?
17
Suppose -3*p - d = -6*p + 86, 0 = 3*p + 3*d - 102. Suppose -p = -4*i + 2. Suppose v - i = 25. Calculate the greatest common factor of v and 22.
11
Let t = -21 + 36. Let d be ((-16)/5)/((-6)/t). Calculate the highest common factor of 4 and d.
4
Suppose 2*a + 2*a - 132 = 0. Suppose -5*l + 67 + a = 0. Calculate the highest common divisor of 160 and l.
20
Suppose 50 = -k + 200. Let s = k - 78. What is the highest common factor of s and 8?
8
Suppose -3*f + 11 = -4. Suppose 2*b - f = -3*b, 4*q - b - 35 = 0. Suppose -h = -2 - q. What is the highest common factor of 1 and h?
1
Let o be (-2 - 0)*181/(-2). Suppose 3*v - 4*z - o = 0, -v - 3*z + 10 = -33. Let t be 3 + 3*(-2)/(-3). Calculate the highest common divisor of v and t.
5
Suppose -a = 2*o - 1, -2*o - 33 = -2*a - 7. Let f(w) = 3*w**2 + 2*w - 2. Let h be f(1). What is the greatest common divisor of a and h?
3
Let k(u) = u**3 + 9*u**2 + 9*u + 6. Let i be k(-7). Suppose 4*y = 7 + i. Calculate the greatest common factor of y and 4.
4
Let r be 4/(-3*5/(-195)). Calculate the greatest common factor of 13 and r.
13
Suppose 4*r = -0*r + 748. Calculate the greatest common divisor of 17 and r.
17
Suppose 0*o = 3*o - 42. Let c(l) = l**2 + 4*l - 6. Let x be c(-6). Let u = -4 + x. Calculate the highest common divisor of o and u.
2
Let d = 18 + -68. Let x = -2 - d. Calculate the greatest common factor of 12 and x.
12
Let x be 1/(7/3 + (-4)/2). Calculate the greatest common factor of x and 24.
3
Let i = 11 - 7. Suppose -j = i*r + 58, -3*j + 37 + 14 = -3*r. Let k = r - -26. Calculate the greatest common factor of 121 and k.
11
Let b = 7 - 3. Suppose 0 = -8*t + b*t. Suppose t = -w + 6*w - 20. What is the greatest common divisor of 4 and w?
4
Let p(x) = 54*x**2 - 2*x + 1. Let b be p(1). Let n = -32 + b. What is the greatest common factor of 21 and n?
21
Let z be -3*(-29)/3 + -3. What is the highest common factor of z and 26?
26
Let z(y) = 11*y**2 + 5*y - 2. Let g be z(3). Suppose 2*r = 13 + 19. What is the greatest common divisor of r and g?
16
Suppose 67 = 2*h + 1. Let u be (-6)/h - 1060/(-22). Calculate the greatest common factor of 6 and u.
6
Let g(m) = 33*m - 3. Let x be g(2). What is the highest common factor of 7 and x?
7
Suppose -2*c + m + 21 = 0, c + 4*m = 2*m + 8. What is the highest common divisor of c and 5?
5
Let o = 20 - 14. Let j(d) = d**3 - 2*d**2 + 4*d. Let u be j(o). Calculate the greatest common factor of u and 24.
24
Suppose 4*v + 2*a = -219 + 1051, -a - 424 = -2*v. What is the greatest common divisor of v and 42?
42
Let r = 37 + 50. What is the highest common factor of 58 and r?
29
Let d(s) = 3*s - s - 5*s + 4*s - 2. Let g be d(6). Suppose 0 = -w + 5*k + 24, -3*w + 2*k = -6*w + 4. What is the highest common factor of g and w?
4
Let q(d) = -d**3 + 9*d**2 + 11*d + 8. Let w be q(9). Let m = w - -5. Let f = 44 - 28. What is the highest common divisor of m and f?
16
Let j = -12 - -12. Suppose j = 3*t + 2 - 32. What is the highest common factor of t and 2?
2
Let o = 90 - 34. Let h = o + -20. Calculate the greatest common divisor of h and 9.
9
Suppose 0*p = -k - 3*p + 87, -4*k + p + 309 = 0. Suppose -4*b + 70 - 18 = 0. Calculate the greatest common factor of k and b.
13
Suppose -1 = 4*k + z - 16, 5*k + z = 18. What is the greatest common divisor of k and 3?
3
Suppose -5*q = -111 + 31. Calculate the highest common divisor of 32 and q.
16
Suppose 4*w - a - 7 = -4*a, -6 = -4*w - 2*a. Let o(r) = 100*r**2 - 2*r + 1. Let h be o(w). Let i = 19 - 10. Calculate the greatest common divisor of i and h.
9
Suppose 0 = -5*d + 4*v + 108, -4*d - 2*v + 64 = -38. Calculate the highest common factor of 168 and d.
24
Let v be -3*(1 + (-5)/3). Suppose -v*u + 5*y - 2 = 0, 5*u + 0*y - y = 18. Calculate the greatest common factor of 40 and u.
4
Let x be 432/(-44) + 2/(-11). Let o be (x/(-30))/(2/6). Calculate the highest common divisor of 8 and o.
1
Let c(d) = -8*d**2 - 2*d + 13. Let n(p) = -p**2 + p + 1. Let i(l) = -c(l) + 5*n(l). Let z be i(4). Calculate the greatest common factor of 17 and z.
17
Suppose -5 = -5*c + 5*o, -3 + 4 = o. Calculate the highest common divisor of c and 16.
2
Let y(l) = 9*l + 1 + 5 - 8. Let q be y(2). Calculate the highest common factor of 16 and q.
16
Let q be (-1 + -1 - -13) + 0. Calculate the greatest common divisor of 99 and q.
11
Let v = 123 - 35. Let p(c) = c**2 + 10*c - 13. Let m be p(-12). Calculate the greatest common divisor of m and v.
11
Let w(p) = p**3 - 3*p**2 - 5*p + 3. Let s be w(4). Let l be s/(-2) + (-238)/(-4). What is the greatest common factor of 40 and l?
20
Let j be -1 + -1*3 - -2. Let f be (-2 - 1)*j/3. What is the highest common divisor of 18 and f?
2
Let o = 4 - -32. Let k = o - -9. Suppose -3*a = 2*v - 19, 4*a + 3*v = v + 28. Calculate the greatest common divisor of k and a.
9
Suppose 0 = 2*g - 0*g - 12. Let u = -5 + 11. Suppose 2*o = u + g. Calculate the greatest common divisor of o and 66.
6
Let y(u) = 14*u**2 + 2*u - 1. Suppose 4*m = -0*m - 3*w - 24, 0 = 4*w + 16. Let z be y(m). Let t = -83 + z. What is the highest common divisor of t and 24?
12
Let d(v) = v - 6. Let c be d(0). Let m = c - -8. Let b(r) = 3*r - 4. Let i be b(4). What is the highest common factor of m and i?
2
Let r be 7/21*(41 - -1). What is the highest common factor of 2 and r?
2
Suppose 60 = 4*o + o. What is the greatest common factor of o and 30?
6
Suppose r = 4*i + 4*r + 8, 3*i + 19 = r. Let t = i + 71. Calculate the greatest common divisor of t and 11.
11
Let x be (-3 + 95/25)*80. Calculate the greatest common divisor of x and 64.
64
Suppose -3*q = 2*q - 15. Suppose -4*x + 2*h + 220 = 0, 0*h = -q*h + 12. What is the greatest common divisor of 19 and x?
19
Let m(o) = o**3 + o**2 - o + 2. Let z be m(0). Suppose -z*p + 4 = -6. Calculate the highest common factor of 5 and p.
5
Let a = -17 - -24. What is the highest common divisor of a and 77?
7
Suppose -i = 5*z - 72, 5*z - 2*i - 90 = 3*i. Let w be 2/(-5) - (-54)/10. Suppose w*f - 7 - 8 = 0. What is the greatest common factor of z and f?
3
Let x = 56 + -24. Let h(l) = -2 + 3*l**3 - 4*l**2 - 4*l**3 - l**2 + 3*l. Let b be h(-6). What is the highest common factor of b and x?
16
Suppose j = -3 + 4. Let d be 1/(-2)*(j - 53). Calculate the greatest common factor of d and 13.
13
Let z be (4/(-5))/((-6)/(-3765)). Let l = z + 763. What is the greatest common divisor of l and 29?
29
Suppose 3*x - 48 = -x. Let b be 14/x - (-3)/(-18). What is the greatest common factor of b and 9?
1
Let t(o) = o**2 + 4*o - 14. Let q be t(-8). What is the greatest common divisor of 9 and q?
9
Let h = -36 - -78. Calculate the greatest common factor of 6 and h.
6
Let p(q) = -q - 1. Let l be p(-6). Suppose 2*w = l*f, 0 = 6*f - 2*f + 3*w - 23. Calculate the highest common factor of f and 4.
2
Suppose -5 = -5*q - 75. Let s = 28 + q. What is the highest common divisor of s and 14?
14
Let f = -16 + 38. Calculate the greatest common divisor of f and 88.
22
Let i(t) = 5*t - 1 - 2*t - 1. Let s be i(3). Suppose 1 = 2*a - s. Calculate the highest common divisor of a and 20.
4
Suppose 0*x + 2*c = 2*x - 38, -3*c - 29 = -x. Let m(s) = -s**3 + 0*s**3 + 12 - s - s**2 + 9. Let v be m(0). Calculate the highest common factor of v and x.
7
Let w be (-1588)/(-16) - (-2)/(-8). Let a be w - -3*(-3 + 2). Calculate the highest common divisor of a and 24.
24
Suppose m - 2 = -7. Let b = 3 + m. Let p(g) = 13*g**2 - g + 1. Let v be p(b). What is the greatest common factor of 11 and v?
11
Let q = -7 + 10. Suppose -j = -1 - 3, -q*l - 2*j = -17. Suppose -l*a + 148 = -8. Calculate the highest common divisor of 13 and a.
13
Suppose 0*w - 15 = -5*w + 